{"id":146,"date":"2026-03-26T15:50:15","date_gmt":"2026-03-26T14:50:15","guid":{"rendered":"https:\/\/naturkrone-winf.gbsl.website\/?post_type=product&#038;p=146"},"modified":"2026-03-26T16:59:02","modified_gmt":"2026-03-26T15:59:02","slug":"vanille-shampoo","status":"publish","type":"product","link":"https:\/\/naturkrone-winf.gbsl.website\/index.php\/produkt\/vanille-shampoo\/","title":{"rendered":"Vanille Shampoo"},"content":{"rendered":"<div class=\"flex flex-col text-sm pb-25\">\n<section class=\"text-token-text-primary w-full focus:outline-none [--shadow-height:45px] has-data-writing-block:pointer-events-none has-data-writing-block:-mt-(--shadow-height) has-data-writing-block:pt-(--shadow-height) [&amp;:has([data-writing-block])&gt;*]:pointer-events-auto scroll-mt-[calc(var(--header-height)+min(200px,max(70px,20svh)))]\" dir=\"auto\" data-turn-id=\"request-WEB:98d953f2-0468-432d-b4d0-1d6afcfb99aa-3\" data-testid=\"conversation-turn-8\" data-scroll-anchor=\"true\" data-turn=\"assistant\">\n<div class=\"text-base my-auto mx-auto pb-10 [--thread-content-margin:var(--thread-content-margin-xs,calc(var(--spacing)*4))] @w-sm\/main:[--thread-content-margin:var(--thread-content-margin-sm,calc(var(--spacing)*6))] @w-lg\/main:[--thread-content-margin:var(--thread-content-margin-lg,calc(var(--spacing)*16))] px-(--thread-content-margin)\">\n<div class=\"[--thread-content-max-width:40rem] @w-lg\/main:[--thread-content-max-width:48rem] mx-auto max-w-(--thread-content-max-width) flex-1 group\/turn-messages focus-visible:outline-hidden relative flex w-full min-w-0 flex-col agent-turn\">\n<div class=\"flex max-w-full flex-col gap-4 grow\">\n<div class=\"min-h-8 text-message relative flex w-full flex-col items-end gap-2 text-start break-words whitespace-normal outline-none keyboard-focused:focus-ring [.text-message+&amp;]:mt-1\" dir=\"auto\" tabindex=\"0\" data-message-author-role=\"assistant\" data-message-id=\"ca21a708-2256-4c80-847d-61bcb18f817d\" data-message-model-slug=\"gpt-5-3\" data-turn-start-message=\"true\">\n<div class=\"flex w-full flex-col gap-1 empty:hidden\">\n<div class=\"markdown prose dark:prose-invert w-full wrap-break-word light markdown-new-styling\">\n<p data-start=\"137\" data-end=\"395\">Das Naturkrone Vanille Shampoo verbindet <strong data-start=\"178\" data-end=\"219\">milde Reinigung mit intensiver Pflege<\/strong> und einem unverwechselbar warmen Duft. Die sanfte Formel reinigt Haar und Kopfhaut gr\u00fcndlich, ohne sie auszutrocknen, und sorgt f\u00fcr ein <strong data-start=\"356\" data-end=\"394\">geschmeidiges, gl\u00e4nzendes Ergebnis<\/strong>.<\/p>\n<p data-start=\"397\" data-end=\"530\">Der nat\u00fcrliche Vanille-Extrakt verleiht dem Shampoo eine besondere Note und macht jede Haarw\u00e4sche zu einem angenehmen Pflegeerlebnis.<\/p>\n<hr data-start=\"532\" data-end=\"535\" \/>\n<h3 data-section-id=\"1v8vsjl\" data-start=\"537\" data-end=\"550\">\ud83c\udf38 Duft<\/h3>\n<ul data-start=\"551\" data-end=\"644\">\n<li data-section-id=\"1m9bx3f\" data-start=\"551\" data-end=\"580\">Warmer, s\u00fc\u00dfer Vanilleduft<\/li>\n<li data-section-id=\"93amot\" data-start=\"581\" data-end=\"608\">Beruhigend und angenehm<\/li>\n<li data-section-id=\"1vsh7pi\" data-start=\"609\" data-end=\"644\">Lang anhaltende Frische im Haar<\/li>\n<\/ul>\n<hr data-start=\"646\" data-end=\"649\" \/>\n<h3 data-section-id=\"jfkxvn\" data-start=\"651\" data-end=\"673\">\ud83c\udf31 Inhaltsstoffe<\/h3>\n<ul data-start=\"674\" data-end=\"920\">\n<li data-section-id=\"18sujke\" data-start=\"674\" data-end=\"751\"><strong data-start=\"676\" data-end=\"695\">Vanille-Extrakt<\/strong> \u2013 Pflegt das Haar und sorgt f\u00fcr einen angenehmen Duft<\/li>\n<li data-section-id=\"1j32uwz\" data-start=\"752\" data-end=\"834\"><strong data-start=\"754\" data-end=\"784\">Milde Reinigungssubstanzen<\/strong> \u2013 Reinigen schonend ohne die Kopfhaut zu reizen<\/li>\n<li data-section-id=\"5kdjpa\" data-start=\"835\" data-end=\"920\"><strong data-start=\"837\" data-end=\"874\">Feuchtigkeitsspendende Wirkstoffe<\/strong> \u2013 Halten Haar und Kopfhaut im Gleichgewicht<\/li>\n<\/ul>\n<hr data-start=\"922\" data-end=\"925\" \/>\n<h3 data-section-id=\"ikukn\" data-start=\"927\" data-end=\"943\">\ud83d\udca7 Wirkung<\/h3>\n<p data-start=\"944\" data-end=\"1115\">\u2714 Reinigt Haar und Kopfhaut sanft<br data-start=\"977\" data-end=\"980\" \/>\u2714 Verleiht Geschmeidigkeit und Glanz<br data-start=\"1016\" data-end=\"1019\" \/>\u2714 Spendet Feuchtigkeit<br data-start=\"1041\" data-end=\"1044\" \/>\u2714 Sch\u00fctzt vor dem Austrocknen<br data-start=\"1073\" data-end=\"1076\" \/>\u2714 F\u00fcr den t\u00e4glichen Gebrauch geeignet<\/p>\n<hr data-start=\"1117\" data-end=\"1120\" \/>\n<h3 data-section-id=\"k8qm4n\" data-start=\"1122\" data-end=\"1140\">\ud83e\uddf4 Anwendung<\/h3>\n<p data-start=\"1141\" data-end=\"1248\">Eine kleine Menge ins nasse Haar einmassieren, aufsch\u00e4umen und gr\u00fcndlich aussp\u00fclen. Bei Bedarf wiederholen.<\/p>\n<hr data-start=\"1250\" data-end=\"1253\" \/>\n<h3 data-section-id=\"6qii20\" data-start=\"1255\" data-end=\"1297\">\ud83d\udc51 F\u00fcr wen ist das Shampoo geeignet?<\/h3>\n<ul data-start=\"1298\" data-end=\"1438\">\n<li data-section-id=\"1he0u3s\" data-start=\"1298\" data-end=\"1320\">F\u00fcr alle Haartypen<\/li>\n<li data-section-id=\"11y74e7\" data-start=\"1321\" data-end=\"1375\">Besonders geeignet f\u00fcr trockenes und normales Haar<\/li>\n<li data-section-id=\"1y02bsq\" data-start=\"1376\" data-end=\"1400\">F\u00fcr Damen und Herren<\/li>\n<li data-section-id=\"p9auhi\" data-start=\"1401\" data-end=\"1438\">Ideal f\u00fcr die t\u00e4gliche Haarpflege<\/li>\n<\/ul>\n<hr data-start=\"1440\" data-end=\"1443\" \/>\n<h3 data-section-id=\"1opov4s\" data-start=\"1445\" data-end=\"1468\">\ud83d\udce6 Produktdetails<\/h3>\n<ul data-start=\"1469\" data-end=\"1580\">\n<li data-section-id=\"frj2j6\" data-start=\"1469\" data-end=\"1487\">Inhalt: 250 ml<\/li>\n<li data-section-id=\"c7h006\" data-start=\"1488\" data-end=\"1524\">Frei von Parabenen und Silikonen<\/li>\n<li data-section-id=\"3nmbxh\" data-start=\"1525\" data-end=\"1545\">Tierversuchsfrei<\/li>\n<li data-section-id=\"qfoi0t\" data-start=\"1546\" data-end=\"1580\">Sanfte, hautfreundliche Formel<\/li>\n<\/ul>\n<hr data-start=\"1582\" data-end=\"1585\" \/>\n<h3 data-section-id=\"26hvkl\" data-start=\"1587\" data-end=\"1637\">\ud83c\udf0d Naturkrone \u2013 Pflege, die von Herzen kommt<\/h3>\n<p data-start=\"1638\" data-end=\"1756\" data-is-last-node=\"\" data-is-only-node=\"\">Mit dem Vanille Shampoo setzt du auf <strong data-start=\"1675\" data-end=\"1741\">nat\u00fcrliche Pflege, angenehmen Duft und gesund aussehendes Haar<\/strong> \u2013 Tag f\u00fcr Tag.<\/p>\n<\/div>\n<\/div>\n<\/div>\n<\/div>\n<div class=\"z-0 flex min-h-[46px] justify-start\"><\/div>\n<div class=\"mt-3 w-full empty:hidden\">\n<div class=\"text-center\"><\/div>\n<\/div>\n<\/div>\n<\/div>\n<\/section>\n<\/div>\n<div class=\"pointer-events-none h-px w-px absolute bottom-0\" aria-hidden=\"true\" data-edge=\"true\"><\/div>\n","protected":false},"excerpt":{"rendered":"<p>Das Naturkrone Vanille Shampoo verbindet milde Reinigung mit intensiver Pflege und einem unverwechselbar warmen Duft. Die sanfte Formel reinigt Haar [&hellip;]<\/p>\n","protected":false},"featured_media":160,"comment_status":"open","ping_status":"closed","template":"","meta":{"site-sidebar-layout":"default","site-content-layout":"","ast-site-content-layout":"default","site-content-style":"default","site-sidebar-style":"default","ast-global-header-display":"","ast-banner-title-visibility":"","ast-main-header-display":"","ast-hfb-above-header-display":"","ast-hfb-below-header-display":"","ast-hfb-mobile-header-display":"","site-post-title":"","ast-breadcrumbs-content":"","ast-featured-img":"","footer-sml-layout":"","ast-disable-related-posts":"","theme-transparent-header-meta":"default","adv-header-id-meta":"","stick-header-meta":"","header-above-stick-meta":"","header-main-stick-meta":"","header-below-stick-meta":"","astra-migrate-meta-layouts":"set","ast-page-background-enabled":"default","ast-page-background-meta":{"desktop":{"background-color":"var(--ast-global-color-5)","background-image":"","background-repeat":"repeat","background-position":"center center","background-size":"auto","background-attachment":"scroll","background-type":"","background-media":"","overlay-type":"","overlay-color":"","overlay-opacity":"","overlay-gradient":""},"tablet":{"background-color":"","background-image":"","background-repeat":"repeat","background-position":"center center","background-size":"auto","background-attachment":"scroll","background-type":"","background-media":"","overlay-type":"","overlay-color":"","overlay-opacity":"","overlay-gradient":""},"mobile":{"background-color":"","background-image":"","background-repeat":"repeat","background-position":"center center","background-size":"auto","background-attachment":"scroll","background-type":"","background-media":"","overlay-type":"","overlay-color":"","overlay-opacity":"","overlay-gradient":""}},"ast-content-background-meta":{"desktop":{"background-color":"var(--ast-global-color-4)","background-image":"","background-repeat":"repeat","background-position":"center center","background-size":"auto","background-attachment":"scroll","background-type":"","background-media":"","overlay-type":"","overlay-color":"","overlay-opacity":"","overlay-gradient":""},"tablet":{"background-color":"var(--ast-global-color-4)","background-image":"","background-repeat":"repeat","background-position":"center center","background-size":"auto","background-attachment":"scroll","background-type":"","background-media":"","overlay-type":"","overlay-color":"","overlay-opacity":"","overlay-gradient":""},"mobile":{"background-color":"var(--ast-global-color-4)","background-image":"","background-repeat":"repeat","background-position":"center center","background-size":"auto","background-attachment":"scroll","background-type":"","background-media":"","overlay-type":"","overlay-color":"","overlay-opacity":"","overlay-gradient":""}}},"product_brand":[],"product_cat":[17],"product_tag":[],"class_list":{"0":"post-146","1":"product","2":"type-product","3":"status-publish","4":"has-post-thumbnail","6":"product_cat-skincare","7":"desktop-align-center","8":"tablet-align-left","9":"mobile-align-left","11":"first","12":"instock","13":"sale","14":"shipping-taxable","15":"purchasable","16":"product-type-simple"},"_links":{"self":[{"href":"https:\/\/naturkrone-winf.gbsl.website\/index.php\/wp-json\/wp\/v2\/product\/146","targetHints":{"allow":["GET"]}}],"collection":[{"href":"https:\/\/naturkrone-winf.gbsl.website\/index.php\/wp-json\/wp\/v2\/product"}],"about":[{"href":"https:\/\/naturkrone-winf.gbsl.website\/index.php\/wp-json\/wp\/v2\/types\/product"}],"replies":[{"embeddable":true,"href":"https:\/\/naturkrone-winf.gbsl.website\/index.php\/wp-json\/wp\/v2\/comments?post=146"}],"wp:featuredmedia":[{"embeddable":true,"href":"https:\/\/naturkrone-winf.gbsl.website\/index.php\/wp-json\/wp\/v2\/media\/160"}],"wp:attachment":[{"href":"https:\/\/naturkrone-winf.gbsl.website\/index.php\/wp-json\/wp\/v2\/media?parent=146"}],"wp:term":[{"taxonomy":"product_brand","embeddable":true,"href":"https:\/\/naturkrone-winf.gbsl.website\/index.php\/wp-json\/wp\/v2\/product_brand?post=146"},{"taxonomy":"product_cat","embeddable":true,"href":"https:\/\/naturkrone-winf.gbsl.website\/index.php\/wp-json\/wp\/v2\/product_cat?post=146"},{"taxonomy":"product_tag","embeddable":true,"href":"https:\/\/naturkrone-winf.gbsl.website\/index.php\/wp-json\/wp\/v2\/product_tag?post=146"}],"curies":[{"name":"wp","href":"https:\/\/api.w.org\/{rel}","templated":true}]}}